{"id":151,"date":"2019-07-22T01:44:58","date_gmt":"2019-07-22T06:44:58","guid":{"rendered":"http:\/\/teelweb.pe\/gastromedicperu\/?page_id=151"},"modified":"2019-12-11T13:01:09","modified_gmt":"2019-12-11T18:01:09","slug":"servicios","status":"publish","type":"page","link":"https:\/\/teelweb.pe\/gastromedicperu\/servicios\/","title":{"rendered":"Servicios"},"content":{"rendered":"\t\t<div data-elementor-type=\"wp-page\" data-elementor-id=\"151\" class=\"elementor elementor-151\" data-elementor-post-type=\"page\">\n\t\t\t\t\t\t<section class=\"has_eae_slider has_ae_slider elementor-section elementor-top-section elementor-element elementor-element-0356787 elementor-section-full_width elementor-section-height-default elementor-section-height-default ae-bg-gallery-type-default\" data-id=\"0356787\" data-element_type=\"section\" data-settings=\"{&quot;background_background&quot;:&quot;classic&quot;}\">\n\t\t\t\t\t\t<div class=\"elementor-container elementor-column-gap-default\">\n\t\t\t\t\t<div class=\"has_eae_slider has_ae_slider elementor-column elementor-col-100 elementor-top-column elementor-element elementor-element-e1b0d22 ae-bg-gallery-type-default\" data-id=\"e1b0d22\" data-element_type=\"column\">\n\t\t\t<div class=\"elementor-widget-wrap elementor-element-populated\">\n\t\t\t\t\t\t<div class=\"elementor-element elementor-element-41f47c8 elementor-align-center elementor-widget elementor-widget-breadcrumbs\" data-id=\"41f47c8\" data-element_type=\"widget\" data-widget_type=\"breadcrumbs.default\">\n\t\t\t\t<div class=\"elementor-widget-container\">\n\t\t\t\t\t<p id=\"breadcrumbs\"><span><span><a href=\"https:\/\/teelweb.pe\/gastromedicperu\/\">Inicio<\/a><\/span><\/span><\/p>\t\t\t\t<\/div>\n\t\t\t\t<\/div>\n\t\t\t\t\t<\/div>\n\t\t<\/div>\n\t\t\t\t\t<\/div>\n\t\t<\/section>\n\t\t\t\t<section class=\"has_eae_slider has_ae_slider elementor-section elementor-top-section elementor-element elementor-element-938fad0 elementor-section-boxed elementor-section-height-default elementor-section-height-default ae-bg-gallery-type-default\" data-id=\"938fad0\" data-element_type=\"section\">\n\t\t\t\t\t\t<div class=\"elementor-container elementor-column-gap-default\">\n\t\t\t\t\t<div class=\"has_eae_slider has_ae_slider elementor-column elementor-col-100 elementor-top-column elementor-element elementor-element-44079b4 ae-bg-gallery-type-default\" data-id=\"44079b4\" data-element_type=\"column\">\n\t\t\t<div class=\"elementor-widget-wrap elementor-element-populated\">\n\t\t\t\t\t\t<section class=\"has_eae_slider has_ae_slider elementor-section elementor-inner-section elementor-element elementor-element-dc371c1 elementor-section-boxed elementor-section-height-default elementor-section-height-default ae-bg-gallery-type-default\" data-id=\"dc371c1\" data-element_type=\"section\">\n\t\t\t\t\t\t<div class=\"elementor-container elementor-column-gap-default\">\n\t\t\t\t\t<div class=\"has_eae_slider has_ae_slider elementor-column elementor-col-50 elementor-inner-column elementor-element elementor-element-4bbbf16 ae-bg-gallery-type-default\" data-id=\"4bbbf16\" data-element_type=\"column\">\n\t\t\t<div class=\"elementor-widget-wrap elementor-element-populated\">\n\t\t\t\t\t\t<div class=\"elementor-element elementor-element-70198b5 elementor-widget elementor-widget-text-editor\" data-id=\"70198b5\" data-element_type=\"widget\" data-widget_type=\"text-editor.default\">\n\t\t\t\t<div class=\"elementor-widget-container\">\n\t\t\t\t\t\t\t\t\t<p>Asegurar el mantenimiento \u00f3ptimo de una buena salud es una tarea que demanda la participaci\u00f3n de un equipo profesional de primera categor\u00eda, capacitado para llevar a cabo las pr\u00e1cticas m\u00e1s actualizadas y avanzadas en cuanto a evaluaci\u00f3n del sistema digestivo y correcci\u00f3n de diversas afecciones. Conozca los diferentes tipos de servicios que ofrecemos en nuestro centro m\u00e9dico:<\/p>\t\t\t\t\t\t\t\t<\/div>\n\t\t\t\t<\/div>\n\t\t\t\t<div class=\"elementor-element elementor-element-c812a9a elementor-position-left elementor-view-default elementor-mobile-position-top elementor-vertical-align-top elementor-widget elementor-widget-icon-box\" data-id=\"c812a9a\" data-element_type=\"widget\" data-widget_type=\"icon-box.default\">\n\t\t\t\t<div class=\"elementor-widget-container\">\n\t\t\t\t\t\t\t<div class=\"elementor-icon-box-wrapper\">\n\n\t\t\t\t\t\t<div class=\"elementor-icon-box-icon\">\n\t\t\t\t<a href=\"http:\/\/gastromedicperu.com\/servicios\/consulta-especializada\/\" class=\"elementor-icon\" tabindex=\"-1\" aria-label=\"Consulta Especializada\">\n\t\t\t\t<i aria-hidden=\"true\" class=\"fas fa-arrow-right\"><\/i>\t\t\t\t<\/a>\n\t\t\t<\/div>\n\t\t\t\n\t\t\t\t\t\t<div class=\"elementor-icon-box-content\">\n\n\t\t\t\t\t\t\t\t\t<h3 class=\"elementor-icon-box-title\">\n\t\t\t\t\t\t<a href=\"http:\/\/gastromedicperu.com\/servicios\/consulta-especializada\/\" >\n\t\t\t\t\t\t\tConsulta Especializada\t\t\t\t\t\t<\/a>\n\t\t\t\t\t<\/h3>\n\t\t\t\t\n\t\t\t\t\n\t\t\t<\/div>\n\t\t\t\n\t\t<\/div>\n\t\t\t\t\t\t<\/div>\n\t\t\t\t<\/div>\n\t\t\t\t<div class=\"elementor-element elementor-element-fa9e3a1 elementor-position-left elementor-view-default elementor-mobile-position-top elementor-vertical-align-top elementor-widget elementor-widget-icon-box\" data-id=\"fa9e3a1\" data-element_type=\"widget\" data-widget_type=\"icon-box.default\">\n\t\t\t\t<div class=\"elementor-widget-container\">\n\t\t\t\t\t\t\t<div class=\"elementor-icon-box-wrapper\">\n\n\t\t\t\t\t\t<div class=\"elementor-icon-box-icon\">\n\t\t\t\t<a href=\"http:\/\/gastromedicperu.com\/servicios\/procedimientos\/\" class=\"elementor-icon\" tabindex=\"-1\" aria-label=\"Procedimientos\">\n\t\t\t\t<i aria-hidden=\"true\" class=\"fas fa-arrow-right\"><\/i>\t\t\t\t<\/a>\n\t\t\t<\/div>\n\t\t\t\n\t\t\t\t\t\t<div class=\"elementor-icon-box-content\">\n\n\t\t\t\t\t\t\t\t\t<h3 class=\"elementor-icon-box-title\">\n\t\t\t\t\t\t<a href=\"http:\/\/gastromedicperu.com\/servicios\/procedimientos\/\" >\n\t\t\t\t\t\t\tProcedimientos\t\t\t\t\t\t<\/a>\n\t\t\t\t\t<\/h3>\n\t\t\t\t\n\t\t\t\t\n\t\t\t<\/div>\n\t\t\t\n\t\t<\/div>\n\t\t\t\t\t\t<\/div>\n\t\t\t\t<\/div>\n\t\t\t\t\t<\/div>\n\t\t<\/div>\n\t\t\t\t<div class=\"has_eae_slider has_ae_slider elementor-column elementor-col-50 elementor-inner-column elementor-element elementor-element-14a8190 ae-bg-gallery-type-default\" data-id=\"14a8190\" data-element_type=\"column\">\n\t\t\t<div class=\"elementor-widget-wrap elementor-element-populated\">\n\t\t\t\t\t\t<div class=\"elementor-element elementor-element-3c4f42c elementor-widget elementor-widget-image\" data-id=\"3c4f42c\" data-element_type=\"widget\" data-widget_type=\"image.default\">\n\t\t\t\t<div class=\"elementor-widget-container\">\n\t\t\t\t\t\t\t\t\t\t\t\t\t\t\t<img fetchpriority=\"high\" decoding=\"async\" width=\"1024\" height=\"683\" src=\"https:\/\/teelweb.pe\/gastromedicperu\/wp-content\/uploads\/sites\/34\/2019\/12\/gastromedic_02-1024x683.jpg\" class=\"attachment-large size-large wp-image-233\" alt=\"\" srcset=\"https:\/\/teelweb.pe\/gastromedicperu\/wp-content\/uploads\/sites\/34\/2019\/12\/gastromedic_02-1024x683.jpg 1024w, https:\/\/teelweb.pe\/gastromedicperu\/wp-content\/uploads\/sites\/34\/2019\/12\/gastromedic_02-300x200.jpg 300w, https:\/\/teelweb.pe\/gastromedicperu\/wp-content\/uploads\/sites\/34\/2019\/12\/gastromedic_02-768x512.jpg 768w, https:\/\/teelweb.pe\/gastromedicperu\/wp-content\/uploads\/sites\/34\/2019\/12\/gastromedic_02.jpg 1200w\" sizes=\"(max-width: 1024px) 100vw, 1024px\" \/>\t\t\t\t\t\t\t\t\t\t\t\t\t\t\t<\/div>\n\t\t\t\t<\/div>\n\t\t\t\t<div class=\"elementor-element elementor-element-25bfff9 elementor-widget elementor-widget-image\" data-id=\"25bfff9\" data-element_type=\"widget\" data-widget_type=\"image.default\">\n\t\t\t\t<div class=\"elementor-widget-container\">\n\t\t\t\t\t\t\t\t\t\t\t\t\t\t\t<img decoding=\"async\" width=\"460\" height=\"78\" src=\"https:\/\/teelweb.pe\/gastromedicperu\/wp-content\/uploads\/sites\/34\/2019\/07\/logotipo_gastromedic_peru_web.png\" class=\"attachment-large size-large wp-image-62\" alt=\"\" srcset=\"https:\/\/teelweb.pe\/gastromedicperu\/wp-content\/uploads\/sites\/34\/2019\/07\/logotipo_gastromedic_peru_web.png 460w, https:\/\/teelweb.pe\/gastromedicperu\/wp-content\/uploads\/sites\/34\/2019\/07\/logotipo_gastromedic_peru_web-300x51.png 300w\" sizes=\"(max-width: 460px) 100vw, 460px\" \/>\t\t\t\t\t\t\t\t\t\t\t\t\t\t\t<\/div>\n\t\t\t\t<\/div>\n\t\t\t\t\t<\/div>\n\t\t<\/div>\n\t\t\t\t\t<\/div>\n\t\t<\/section>\n\t\t\t\t\t<\/div>\n\t\t<\/div>\n\t\t\t\t\t<\/div>\n\t\t<\/section>\n\t\t\t\t<\/div>\n\t\t","protected":false},"excerpt":{"rendered":"<p>Asegurar el mantenimiento \u00f3ptimo de una buena salud es una tarea que demanda la participaci\u00f3n de un equipo profesional de primera categor\u00eda, capacitado para llevar a cabo las pr\u00e1cticas m\u00e1s actualizadas y avanzadas en cuanto a evaluaci\u00f3n del sistema digestivo y correcci\u00f3n de diversas afecciones. Conozca los diferentes tipos de servicios que ofrecemos en nuestro &#8230; <a title=\"Servicios\" class=\"read-more\" href=\"https:\/\/teelweb.pe\/gastromedicperu\/servicios\/\" aria-label=\"Leer m\u00e1s sobre Servicios\">Read more<\/a><\/p>\n","protected":false},"author":1,"featured_media":0,"parent":0,"menu_order":0,"comment_status":"closed","ping_status":"closed","template":"elementor_header_footer","meta":{"footnotes":""},"class_list":["post-151","page","type-page","status-publish"],"yoast_head":"<!-- This site is optimized with the Yoast SEO Premium plugin v22.2 (Yoast SEO v24.6) - https:\/\/yoast.com\/wordpress\/plugins\/seo\/ -->\n<title>Servicios - GASTROMEDIC PER\u00da<\/title>\n<meta name=\"robots\" content=\"index, follow, max-snippet:-1, max-image-preview:large, max-video-preview:-1\" \/>\n<link rel=\"canonical\" href=\"https:\/\/teelweb.pe\/gastromedicperu\/servicios\/\" \/>\n<meta property=\"og:locale\" content=\"es_ES\" \/>\n<meta property=\"og:type\" content=\"article\" \/>\n<meta property=\"og:title\" content=\"Servicios\" \/>\n<meta property=\"og:description\" content=\"Asegurar el mantenimiento \u00f3ptimo de una buena salud es una tarea que demanda la participaci\u00f3n de un equipo profesional de primera categor\u00eda, capacitado para llevar a cabo las pr\u00e1cticas m\u00e1s actualizadas y avanzadas en cuanto a evaluaci\u00f3n del sistema digestivo y correcci\u00f3n de diversas afecciones. Conozca los diferentes tipos de servicios que ofrecemos en nuestro ... Read more\" \/>\n<meta property=\"og:url\" content=\"https:\/\/teelweb.pe\/gastromedicperu\/servicios\/\" \/>\n<meta property=\"og:site_name\" content=\"GASTROMEDIC PER\u00da\" \/>\n<meta property=\"article:modified_time\" content=\"2019-12-11T18:01:09+00:00\" \/>\n<meta property=\"og:image\" content=\"http:\/\/gastromedicperu.com\/wp-content\/uploads\/sites\/34\/2019\/12\/gastromedic_02-1024x683.jpg\" \/>\n<meta name=\"twitter:card\" content=\"summary_large_image\" \/>\n<script type=\"application\/ld+json\" class=\"yoast-schema-graph\">{\"@context\":\"https:\/\/schema.org\",\"@graph\":[{\"@type\":\"WebPage\",\"@id\":\"https:\/\/teelweb.pe\/gastromedicperu\/servicios\/\",\"url\":\"https:\/\/teelweb.pe\/gastromedicperu\/servicios\/\",\"name\":\"Servicios - GASTROMEDIC PER\u00da\",\"isPartOf\":{\"@id\":\"https:\/\/teelweb.pe\/gastromedicperu\/#website\"},\"primaryImageOfPage\":{\"@id\":\"https:\/\/teelweb.pe\/gastromedicperu\/servicios\/#primaryimage\"},\"image\":{\"@id\":\"https:\/\/teelweb.pe\/gastromedicperu\/servicios\/#primaryimage\"},\"thumbnailUrl\":\"http:\/\/gastromedicperu.com\/wp-content\/uploads\/sites\/34\/2019\/12\/gastromedic_02-1024x683.jpg\",\"datePublished\":\"2019-07-22T06:44:58+00:00\",\"dateModified\":\"2019-12-11T18:01:09+00:00\",\"breadcrumb\":{\"@id\":\"https:\/\/teelweb.pe\/gastromedicperu\/servicios\/#breadcrumb\"},\"inLanguage\":\"es\",\"potentialAction\":[{\"@type\":\"ReadAction\",\"target\":[\"https:\/\/teelweb.pe\/gastromedicperu\/servicios\/\"]}]},{\"@type\":\"ImageObject\",\"inLanguage\":\"es\",\"@id\":\"https:\/\/teelweb.pe\/gastromedicperu\/servicios\/#primaryimage\",\"url\":\"http:\/\/gastromedicperu.com\/wp-content\/uploads\/sites\/34\/2019\/12\/gastromedic_02-1024x683.jpg\",\"contentUrl\":\"http:\/\/gastromedicperu.com\/wp-content\/uploads\/sites\/34\/2019\/12\/gastromedic_02-1024x683.jpg\"},{\"@type\":\"BreadcrumbList\",\"@id\":\"https:\/\/teelweb.pe\/gastromedicperu\/servicios\/#breadcrumb\",\"itemListElement\":[{\"@type\":\"ListItem\",\"position\":1,\"name\":\"Inicio\",\"item\":\"https:\/\/teelweb.pe\/gastromedicperu\/\"},{\"@type\":\"ListItem\",\"position\":2,\"name\":\"Servicios\"}]},{\"@type\":\"WebSite\",\"@id\":\"https:\/\/teelweb.pe\/gastromedicperu\/#website\",\"url\":\"https:\/\/teelweb.pe\/gastromedicperu\/\",\"name\":\"GASTROMEDIC PER\u00da\",\"description\":\"M\u00e9dicos Especialistas en Gastroenterolog\u00eda\",\"potentialAction\":[{\"@type\":\"SearchAction\",\"target\":{\"@type\":\"EntryPoint\",\"urlTemplate\":\"https:\/\/teelweb.pe\/gastromedicperu\/?s={search_term_string}\"},\"query-input\":{\"@type\":\"PropertyValueSpecification\",\"valueRequired\":true,\"valueName\":\"search_term_string\"}}],\"inLanguage\":\"es\"}]}<\/script>\n<!-- \/ Yoast SEO Premium plugin. -->","yoast_head_json":{"title":"Servicios - GASTROMEDIC PER\u00da","robots":{"index":"index","follow":"follow","max-snippet":"max-snippet:-1","max-image-preview":"max-image-preview:large","max-video-preview":"max-video-preview:-1"},"canonical":"https:\/\/teelweb.pe\/gastromedicperu\/servicios\/","og_locale":"es_ES","og_type":"article","og_title":"Servicios","og_description":"Asegurar el mantenimiento \u00f3ptimo de una buena salud es una tarea que demanda la participaci\u00f3n de un equipo profesional de primera categor\u00eda, capacitado para llevar a cabo las pr\u00e1cticas m\u00e1s actualizadas y avanzadas en cuanto a evaluaci\u00f3n del sistema digestivo y correcci\u00f3n de diversas afecciones. Conozca los diferentes tipos de servicios que ofrecemos en nuestro ... Read more","og_url":"https:\/\/teelweb.pe\/gastromedicperu\/servicios\/","og_site_name":"GASTROMEDIC PER\u00da","article_modified_time":"2019-12-11T18:01:09+00:00","og_image":[{"url":"http:\/\/gastromedicperu.com\/wp-content\/uploads\/sites\/34\/2019\/12\/gastromedic_02-1024x683.jpg","type":"","width":"","height":""}],"twitter_card":"summary_large_image","schema":{"@context":"https:\/\/schema.org","@graph":[{"@type":"WebPage","@id":"https:\/\/teelweb.pe\/gastromedicperu\/servicios\/","url":"https:\/\/teelweb.pe\/gastromedicperu\/servicios\/","name":"Servicios - GASTROMEDIC PER\u00da","isPartOf":{"@id":"https:\/\/teelweb.pe\/gastromedicperu\/#website"},"primaryImageOfPage":{"@id":"https:\/\/teelweb.pe\/gastromedicperu\/servicios\/#primaryimage"},"image":{"@id":"https:\/\/teelweb.pe\/gastromedicperu\/servicios\/#primaryimage"},"thumbnailUrl":"http:\/\/gastromedicperu.com\/wp-content\/uploads\/sites\/34\/2019\/12\/gastromedic_02-1024x683.jpg","datePublished":"2019-07-22T06:44:58+00:00","dateModified":"2019-12-11T18:01:09+00:00","breadcrumb":{"@id":"https:\/\/teelweb.pe\/gastromedicperu\/servicios\/#breadcrumb"},"inLanguage":"es","potentialAction":[{"@type":"ReadAction","target":["https:\/\/teelweb.pe\/gastromedicperu\/servicios\/"]}]},{"@type":"ImageObject","inLanguage":"es","@id":"https:\/\/teelweb.pe\/gastromedicperu\/servicios\/#primaryimage","url":"http:\/\/gastromedicperu.com\/wp-content\/uploads\/sites\/34\/2019\/12\/gastromedic_02-1024x683.jpg","contentUrl":"http:\/\/gastromedicperu.com\/wp-content\/uploads\/sites\/34\/2019\/12\/gastromedic_02-1024x683.jpg"},{"@type":"BreadcrumbList","@id":"https:\/\/teelweb.pe\/gastromedicperu\/servicios\/#breadcrumb","itemListElement":[{"@type":"ListItem","position":1,"name":"Inicio","item":"https:\/\/teelweb.pe\/gastromedicperu\/"},{"@type":"ListItem","position":2,"name":"Servicios"}]},{"@type":"WebSite","@id":"https:\/\/teelweb.pe\/gastromedicperu\/#website","url":"https:\/\/teelweb.pe\/gastromedicperu\/","name":"GASTROMEDIC PER\u00da","description":"M\u00e9dicos Especialistas en Gastroenterolog\u00eda","potentialAction":[{"@type":"SearchAction","target":{"@type":"EntryPoint","urlTemplate":"https:\/\/teelweb.pe\/gastromedicperu\/?s={search_term_string}"},"query-input":{"@type":"PropertyValueSpecification","valueRequired":true,"valueName":"search_term_string"}}],"inLanguage":"es"}]}},"_links":{"self":[{"href":"https:\/\/teelweb.pe\/gastromedicperu\/wp-json\/wp\/v2\/pages\/151","targetHints":{"allow":["GET"]}}],"collection":[{"href":"https:\/\/teelweb.pe\/gastromedicperu\/wp-json\/wp\/v2\/pages"}],"about":[{"href":"https:\/\/teelweb.pe\/gastromedicperu\/wp-json\/wp\/v2\/types\/page"}],"author":[{"embeddable":true,"href":"https:\/\/teelweb.pe\/gastromedicperu\/wp-json\/wp\/v2\/users\/1"}],"replies":[{"embeddable":true,"href":"https:\/\/teelweb.pe\/gastromedicperu\/wp-json\/wp\/v2\/comments?post=151"}],"version-history":[{"count":0,"href":"https:\/\/teelweb.pe\/gastromedicperu\/wp-json\/wp\/v2\/pages\/151\/revisions"}],"wp:attachment":[{"href":"https:\/\/teelweb.pe\/gastromedicperu\/wp-json\/wp\/v2\/media?parent=151"}],"curies":[{"name":"wp","href":"https:\/\/api.w.org\/{rel}","templated":true}]}}